/(-12) - 1)*(5 + 115). Let l = n + 115. What is the remainder when 96 is divided by l?
21
Let y be (2 - -26)*1 - 4. Let c(s) = -s**3 + 23*s**2 + 27*s + 9. What is the remainder when c(y) is divided by 7?
4
Suppose -1400 = 7*m - 1498. Calculate the remainder when 216 is divided by m.
6
Let k = 61 - 73. Let v = 27 + k. What is the remainder when 208 is divided by v?
13
Let c be (-61424)/(-80) - (-2)/10. What is the remainder when 4/(-6) + c/72 is divided by 3?
1
Suppose 2*y + 3*y - 160 = 0. Let g(t) be the second derivative of -16*t**5/5 - t**4/4 + t**2 + 8*t. What is the remainder when g(-1) is divided by y?
31
Suppose 33 = 4*w + 5*l - 6, -3*l + 15 = w. Suppose k - w = 3. What is the remainder when 156/4*6/k is divided by 7?
5
Let j = -16 - -40. Calculate the remainder when 101 is divided by j.
5
Suppose 2*r = -i + 9, 0 = 4*i - 5*i + 3*r - 6. Let o = 8 - i. Suppose 0 = -m - o, -50 = -5*y + 5*m + 45. What is the remainder when 54 is divided by y?
12
Suppose 1 = -6*s + 67. Let j(w) = w**2 - 4*w - 7. What is the remainder when j(-6) is divided by s?
9
Suppose 15*g - 19*g + 124 = 0. Calculate the remainder when 44 is divided by g.
13
Suppose i = 2*f + 329, -11*f + 16*f = -4*i + 1303. What is the remainder when i is divided by 66?
63
Let h(v) = -11*v - 183. Calculate the remainder when 417 is divided by h(-23).
67
Suppose -1 = -h, -5*z + 18 + 4 = 2*h. What is the remainder when -1 - (-3 - -2) - -12 is divided by z?
0
Let q(i) = 2*i**2 + 2*i - 3. Let t be q(3). Let z = t - 13. Suppose -3*n + f = -2*f - 6, 0 = 3*n + 4*f - 27. What is the remainder when z is divided by n?
3
Suppose 0 = -2*v - 62*c + 66*c + 478, -5*v + 1171 = 2*c. What is the remainder when v is divided by 45?
10
Let h(l) = l**3 + l**2 - l + 8. What is the remainder when h(5) is divided by 20?
13
Let o = -7 + 10. What is the remainder when (-2)/o - 136/(-6) is divided by 8?
6
Let x(f) = f**2 - 3*f - 1. Suppose 3*z = -c + 69, -4*z + 22 = -4*c + 282. Calculate the remainder when c is divided by x(-3).
15
Let u(o) = -o**2 - 16*o - 25. Calculate the remainder when 61 is divided by u(-9).
23
Suppose 9*z - 28 = -3*m + 14*z, 0 = 2*m - 3*z - 18. Let v = 0 - -4. Suppose v*l + 53 = 137. Calculate the remainder when l is divided by m.
3
Let v = -763 - -787. Calculate the remainder when 108 is divided by v.
12
What is the remainder when 96 is divided by (14/(-4))/((-5)/70)?
47
Suppose -29*a - 156 = -41*a. What is the remainder when 34 is divided by a?
8
Let r be 2/(-5) - 328/(-20). Let d = r + -27. Calculate the remainder when 58 is divided by 2/d - 332/(-11).
28
Suppose 147 = -7*m - 182. Let c = m + 90. Calculate the remainder when c is divided by 9.
7
Suppose -10*j = -7*j - 204. Calculate the remainder when j is divided by 37.
31
Suppose 200 = -2*k - 4*q, 2*k - 232 = 4*k - 4*q. Calculate the remainder when 1 is divided by (-12)/k + 16/18.
0
Let o(y) = 24*y - 26. Let q be o(11). Suppose -4*x = 5*r - q - 52, -37 = -r - 5*x. Let j = 50 + -34. What is the remainder when r is divided by j?
14
Suppose -6*r + 7*r = 93. Let t = -40 + r. Calculate the remainder when t is divided by 28.
25
Suppose -65 = -5*t - 0*f + 5*f, -2*f = 3*t - 54. What is the remainder when 35 is divided by t?
3
Let h(q) = q - 8. Let o be h(7). Let b(k) = 3*k + 35. Let r be b(-10). Calculate the remainder when (-18 - 1)*(o - r) is divided by 29.
27
Let t = -9 - -13. Let d be 132 - (12/t + -3). Let j = d - 66. Calculate the remainder when j is divided by 17.
15
Suppose 0 = -25*n + 19*n - 18. What is the remainder when 78 is divided by (-59)/n - (-13)/39?
18
Let o(i) = -5*i**3 - 4*i - 24. Let a(g) = -9*g**3 - g**2 - 8*g - 48. Let b(w) = -6*a(w) + 11*o(w). Calculate the remainder when 9 is divided by b(7).
0
Let u(m) = -9*m - 31. Calculate the remainder when 2 - (3357/(-54) + (-1)/(-6)) is divided by u(-6).
18
Suppose 5*f + 4*m = 337, -3*f + 254 = 4*m + 55. What is the remainder when f is divided by 10?
9
Suppose 22*c - 88 = 11*c. What is the remainder when 1119 is divided by c?
7
Let i(d) = -67*d - 5. Let y be i(-1). Suppose -2*j = -4*j + y. Calculate the remainder when j is divided by 10.
1
Let u(a) = 29*a**2 + 19*a + 55. What is the remainder when u(-3) is divided by 14?
7
Let l = -57 + 87. Let y(o) = -3*o - 16. Let m(b) = -b**3 - 5*b**2 + b - 3. Let d be m(-5). Calculate the remainder when l is divided by y(d).
6
Let q = -557 + 785. What is the remainder when q is divided by 58?
54
What is the remainder when 322 is divided by ((-5265)/54)/((-3)/2)?
62
Suppose 3346 = 15*x + u, x + 3*x = -u + 893. Calculate the remainder when x is divided by 10.
3
Suppose 5*o - 7*n - 150 = -10*n, 4*n = -3*o + 79. What is the remainder when 226 is divided by o?
28
What is the remainder when (-8036)/(-123) - (-2)/(-6) is divided by 17?
14
What is the remainder when 33 is divided by (1260/189)/(4/6)?
3
What is the remainder when 421 is divided by 520*5*(-20)/(-250)?
5
Suppose -2*o = 4, -3*v - o + 22 = 3*o. What is the remainder when (-1014)/(-63) - (135/(-126) - 7/(-6)) is divided by v?
6
Let d(y) = 57*y - 110. Let u(j) = -28*j + 54. Let g(l) = 3*d(l) + 7*u(l). Calculate the remainder when g(-4) is divided by 15.
13
Let q = 1022 + -948. What is the remainder when 517 is divided by q?
73
Let x(h) = -2*h**2 - h + 24. Suppose -s = -5*s. Calculate the remainder when 92 is divided by x(s).
20
Let m = 22 + -18. Calculate the remainder when 82 is divided by m*((-51)/(-4) + -2).
39
Let c(b) = 2*b**3 - 16*b**2 - 38*b + 1. What is the remainder when 124 is divided by c(10)?
19
Suppose -5*c - 4*t = -503, -2*c + 18 + 174 = -3*t. What is the remainder when c is divided by 15?
9
What is the remainder when (10/(-8))/(2/(-40)) is divided by 7?
4
Suppose -26*a + 2020 = -21*a. Calculate the remainder when a is divided by 9.
8
Let j be ((-34)/6)/(4/(-12)). Suppose -6*w + w - 4*c = -5, -c = 3*w - 10. Suppose w*d - 23 = j. Calculate the remainder when 15 is divided by d.
7
Let m(x) = x**3 + 2*x**2 - 6*x + 8. What is the remainder when m(5) is divided by 24?
9
Suppose 4*u = -4*m + 680, 13*m - 16*m - 826 = -5*u. What is the remainder when u is divided by 161?
6
Let n be ((-90)/12)/(2 - (-5)/(-4)). Calculate the remainder when 5 is divided by -6*(5/1)/n.
2
Let b(q) = -55*q + 1. Let d be b(-1). Let y = -39 + d. Suppose -2*v + 0*v + 62 = 0. What is the remainder when v is divided by y?
14
Suppose -3*q + 459 = -2*h, 0 = 5*q - 4*h - 189 - 578. Calculate the remainder when q is divided by 40.
31
Let t(n) = -n + 10. Let b(j) = -2*j**2 - 28*j + 7. Let d be b(-14). What is the remainder when 5 is divided by t(d)?
2
Calculate the remainder when (9600/1120)/((-2)/(-7)) is divided by 1/((-1)/(-8)) - 0.
6
Suppose 53*o = 51*o + 10, 3*g + o - 134 = 0. What is the remainder when 1244 is divided by g?
40
Let h be -5*3*(-35)/(-15). Calculate the remainder when (-695)/h + (-1)/(-7) is divided by 6.
2
What is the remainder when (-698)/(-4) + 18/(-12) is divided by 29?
28
Calculate the remainder when 394*(-10)/(-28) - (-82)/287 is divided by 61.
19
Let v = 480 - 337. Calculate the remainder when v is divided by 39.
26
Suppose n = 1 + 1. Suppose -x - n*x - 41 = -4*o, -o - 3*x + 14 = 0. Calculate the remainder when 40 is divided by o.
7
Suppose 2*i + 3*i + 149 = 4*n, -5*n = -2*i - 199. Suppose 22*a - 1776 - 6 = 0. What is the remainder when a is divided by n?
40
Suppose 3*i - 4*g = -6*g + 265, i + 4*g - 75 = 0. Let q = -68 + i. What is the remainder when 112 is divided by q?
20
Let p(w) = 22*w - 279. What is the remainder when 200 is divided by p(13)?
4
Suppose 4*y - 1434 = -3*i, -i + 158 = -5*y - 301. What is the remainder when i is divided by 95?
94
Let g = 323 - 301. Suppose s - 5*s = -48. What is the remainder when g is divided by s?
10
Let u = -661 - -680. What is the remainder when 167 is divided by u?
15
Calculate the remainder when 1469 is divided by (-8)/2 - (5 - (101 - 0)).
89
Suppose -3*b - 2*x + 12 = x, -b - 3*x = -6. Suppose -b*u + 122 = -445. Calculate the remainder when u is divided by 48.
45
Let j(t) = -6*t + 16. What is the remainder when j(-3) is divided by 10?
4
Suppose -3*x = -2*l + 47, 8*x - 13*x + 15 = 0. Calculate the remainder when 211 is divided by l.
15
Let g = -146 - -212. Let n(o) = o**3 - 23*o**2 + 15*o + 171. What is the remainder when g is divided by n(22)?
15
Ca